{"id":3907,"date":"2019-06-12T12:57:42","date_gmt":"2019-06-12T10:57:42","guid":{"rendered":"http:\/\/sorabicon.dev.webstitut.de\/?page_id=3907"},"modified":"2019-06-12T12:57:56","modified_gmt":"2019-06-12T10:57:56","slug":"sachregister","status":"publish","type":"page","link":"https:\/\/www1.sorabicon.de\/dsb\/sorbische-kirche-luebben\/sachregister\/","title":{"rendered":"Sachregister"},"content":{"rendered":"<ul style=\"columns: 3 12em;\"><li><a href=\"https:\/\/www1.sorabicon.de\/wissensquellen\/suche-ergebnisse\/?facet_module=kirche_luebben&#038;facet_keywords=YnVy\">bur [9]<\/a><\/li><li><a href=\"https:\/\/www1.sorabicon.de\/wissensquellen\/suche-ergebnisse\/?facet_module=kirche_luebben&#038;facet_keywords=Y2Vya3dpbmUgc3RvxYJ5\">cerkwine sto\u0142y [1]<\/a><\/li><li><a href=\"https:\/\/www1.sorabicon.de\/wissensquellen\/suche-ergebnisse\/?facet_module=kirche_luebben&#038;facet_keywords=Y2Vya3dqYSBhIG5hYsOzxb5uaW5h\">cerkwja a nab\u00f3\u017enina [47]<\/a><\/li><li><a href=\"https:\/\/www1.sorabicon.de\/wissensquellen\/suche-ergebnisse\/?facet_module=kirche_luebben&#038;facet_keywords=ZHVwamVuamU=\">dupjenje [2]<\/a><\/li><li><a href=\"https:\/\/www1.sorabicon.de\/wissensquellen\/suche-ergebnisse\/?facet_module=kirche_luebben&#038;facet_keywords=ZmFyYcWV\">fara\u0155 [3]<\/a><\/li><li><a href=\"https:\/\/www1.sorabicon.de\/wissensquellen\/suche-ergebnisse\/?facet_module=kirche_luebben&#038;facet_keywords=Z3Jvxbo=\">gro\u017a [1]<\/a><\/li><li><a href=\"https:\/\/www1.sorabicon.de\/wissensquellen\/suche-ergebnisse\/?facet_module=kirche_luebben&#038;facet_keywords=a2phcmxpxb4=\">kjarli\u017e [6]<\/a><\/li><li><a href=\"https:\/\/www1.sorabicon.de\/wissensquellen\/suche-ergebnisse\/?facet_module=kirche_luebben&#038;facet_keywords=a25lY2h0\">knecht [1]<\/a><\/li><li><a href=\"https:\/\/www1.sorabicon.de\/wissensquellen\/suche-ergebnisse\/?facet_module=kirche_luebben&#038;facet_keywords=a3Jham55IGJvZ290\">krajny bogot [1]<\/a><\/li><li><a href=\"https:\/\/www1.sorabicon.de\/wissensquellen\/suche-ergebnisse\/?facet_module=kirche_luebben&#038;facet_keywords=bWFyaw==\">mark [1]<\/a><\/li><li><a href=\"https:\/\/www1.sorabicon.de\/wissensquellen\/suche-ergebnisse\/?facet_module=kirche_luebben&#038;facet_keywords=bcWCeW4=\">m\u0142yn [2]<\/a><\/li><li><a href=\"https:\/\/www1.sorabicon.de\/wissensquellen\/suche-ergebnisse\/?facet_module=kirche_luebben&#038;facet_keywords=bmFtxaFh\">nam\u0161a [7]<\/a><\/li><li><a href=\"https:\/\/www1.sorabicon.de\/wissensquellen\/suche-ergebnisse\/?facet_module=kirche_luebben&#038;facet_keywords=b2ZpY2lhbA==\">oficial [6]<\/a><\/li><li><a href=\"https:\/\/www1.sorabicon.de\/wissensquellen\/suche-ergebnisse\/?facet_module=kirche_luebben&#038;facet_keywords=cHJqYXRrYcWV\">prjatka\u0155 [6]<\/a><\/li><li><a href=\"https:\/\/www1.sorabicon.de\/wissensquellen\/suche-ergebnisse\/?facet_module=kirche_luebben&#038;facet_keywords=cHJqYXRrb3dhbmpl\">prjatkowanje [12]<\/a><\/li><li><a href=\"https:\/\/www1.sorabicon.de\/wissensquellen\/suche-ergebnisse\/?facet_module=kirche_luebben&#038;facet_keywords=c8WCdcW+YWJuYSDFum93a2E=\">s\u0142u\u017eabna \u017aowka [1]<\/a><\/li><li><a href=\"https:\/\/www1.sorabicon.de\/wissensquellen\/suche-ergebnisse\/?facet_module=kirche_luebben&#038;facet_keywords=c3Bpd2HFlXNrZQ==\">spiwa\u0155ske [1]<\/a><\/li><li><a href=\"https:\/\/www1.sorabicon.de\/wissensquellen\/suche-ergebnisse\/?facet_module=kirche_luebben&#038;facet_keywords=xaFsb2RhxZU=\">\u0161loda\u0155 [1]<\/a><\/li><li><a href=\"https:\/\/www1.sorabicon.de\/wissensquellen\/suche-ergebnisse\/?facet_module=kirche_luebben&#038;facet_keywords=xaF1bGE=\">\u0161ula [7]<\/a><\/li><li><a href=\"https:\/\/www1.sorabicon.de\/wissensquellen\/suche-ergebnisse\/?facet_module=kirche_luebben&#038;facet_keywords=d8Sbcm93YW5qZQ==\">w\u011browanje [1]<\/a><\/li><li><a href=\"https:\/\/www1.sorabicon.de\/wissensquellen\/suche-ergebnisse\/?facet_module=kirche_luebben&#038;facet_keywords=d2lraQ==\">wiki [2]<\/a><\/li><li><a href=\"https:\/\/www1.sorabicon.de\/wissensquellen\/suche-ergebnisse\/?facet_module=kirche_luebben&#038;facet_keywords=d8Ozc2FkYS9nbWVqbmE=\">w\u00f3sada\/gmejna [13]<\/a><\/li><li><a href=\"https:\/\/www1.sorabicon.de\/wissensquellen\/suche-ergebnisse\/?facet_module=kirche_luebben&#038;facet_keywords=emFncm9kYQ==\">zagroda [2]<\/a><\/li><\/ul>","protected":false},"excerpt":{"rendered":"","protected":false},"author":2,"featured_media":0,"parent":3154,"menu_order":0,"comment_status":"closed","ping_status":"closed","template":"","meta":{"_acf_changed":false,"footnotes":""},"class_list":["post-3907","page","type-page","status-publish","hentry"],"acf":[],"_links":{"self":[{"href":"https:\/\/www1.sorabicon.de\/dsb\/wp-json\/wp\/v2\/pages\/3907","targetHints":{"allow":["GET"]}}],"collection":[{"href":"https:\/\/www1.sorabicon.de\/dsb\/wp-json\/wp\/v2\/pages"}],"about":[{"href":"https:\/\/www1.sorabicon.de\/dsb\/wp-json\/wp\/v2\/types\/page"}],"author":[{"embeddable":true,"href":"https:\/\/www1.sorabicon.de\/dsb\/wp-json\/wp\/v2\/users\/2"}],"replies":[{"embeddable":true,"href":"https:\/\/www1.sorabicon.de\/dsb\/wp-json\/wp\/v2\/comments?post=3907"}],"version-history":[{"count":3,"href":"https:\/\/www1.sorabicon.de\/dsb\/wp-json\/wp\/v2\/pages\/3907\/revisions"}],"predecessor-version":[{"id":3910,"href":"https:\/\/www1.sorabicon.de\/dsb\/wp-json\/wp\/v2\/pages\/3907\/revisions\/3910"}],"up":[{"embeddable":true,"href":"https:\/\/www1.sorabicon.de\/dsb\/wp-json\/wp\/v2\/pages\/3154"}],"wp:attachment":[{"href":"https:\/\/www1.sorabicon.de\/dsb\/wp-json\/wp\/v2\/media?parent=3907"}],"curies":[{"name":"wp","href":"https:\/\/api.w.org\/{rel}","templated":true}]}}