{"id":5896,"date":"2020-03-01T21:44:02","date_gmt":"2020-03-01T20:44:02","guid":{"rendered":"https:\/\/www2.sorabicon.de\/statistika-serbow-1886\/"},"modified":"2020-10-26T08:27:34","modified_gmt":"2020-10-26T07:27:34","slug":"statistika-serbow-1886","status":"publish","type":"page","link":"https:\/\/www1.sorabicon.de\/dsb\/statistika-serbow-1886\/","title":{"rendered":"Statistika Serbow 1886"},"content":{"rendered":"\n<p><p><em>Wob\u017a\u011b\u0142a\u0142 Robert Lorenz<\/em><\/p><\/p>\n\n<div class=\"wp-block-image bluecolored\"><figure class=\"alignright\"><img loading=\"lazy\" decoding=\"async\" width=\"222\" height=\"300\" src=\"https:\/\/www1.sorabicon.de\/wp-content\/uploads\/2019\/05\/FZ-I-e-61-222x300.jpg\" alt=\"Portret Arno&#x161;ta Muki.\" class=\"wp-image-1188\" srcset=\"https:\/\/www1.sorabicon.de\/wp-content\/uploads\/2019\/05\/FZ-I-e-61-222x300.jpg 222w, https:\/\/www1.sorabicon.de\/wp-content\/uploads\/2019\/05\/FZ-I-e-61-768x1037.jpg 768w, https:\/\/www1.sorabicon.de\/wp-content\/uploads\/2019\/05\/FZ-I-e-61-759x1024.jpg 759w, https:\/\/www1.sorabicon.de\/wp-content\/uploads\/2019\/05\/FZ-I-e-61.jpg 1003w\" sizes=\"auto, (max-width: 222px) 100vw, 222px\" \/><figcaption>Arno\u0161t Muka na zachopje\u0144ku sw\u00f3jogo statkowanja ako cepta\u0155 w j\u011bsnych 1880tych l\u011btach<\/figcaption><\/figure><\/div>\n\n<p><p>Statistika \u0142u\u017eyskich Serbow (Budy\u0161yn\/Bautzen, 1886) <a href=\"http:\/\/saebi.isgv.de\/biografie\/Carl_Ernst_Mucke_(1854-1932)\">Arno\u0161ta Muk<\/a><u>i<\/u> jo jaden z nejwuznamnjej\u0161ych a nejstatkownjej\u0161ych tekstow serbskeje w\u011bdomnostneje publicistiki 19. stol\u011b\u015ba. Tw\u00f3\u0155ba z pjera jadnogo z centralnych akterow m\u0142odoserbskego gibanja w\u00f3znamjenijo zachopje\u0144k serbskor\u011bcneje sociologije, stoj pak w tradiciji star\u0161eje ludneje a krajneje statistiki. Rownocasnje m\u00f3\u017eomy ju wobgl\u011bdowa\u015b ako sorabistiski ludow\u011bdny klasika\u0155 w nasl\u011bdnistwje Heinricha Riehla, k\u00f3taremu\u017e jo jano felujuce p\u015bestajenje do nim\u0161\u0107iny zawobora\u0142o wa\u017ene m\u011bstno w stawiznach ludow\u011bdy w nimskem rumje.<\/p><\/p>\n\n<p>Muka jo se ze sw\u00f3jeju studiju procowa\u0142 w\u00f3 wob\u0161yrne statistiske registr\u011browanje a sociologiske a ludow\u011bdne wopisowanje serbskeje ludnos\u0107i \u0141u\u017eyce na proze industrializacije. Jogo knig\u0142y su pak teke mje\u0144\u0161ynowopolitiski rozestaja\u0144ski spis a pedagogiski traktat w\u00f3 skomu\u017aenjach resp. w\u00f3tw\u00f3rjonem zadoranju dalej dawanju serbskeje r\u011bcy w cerkwi a \u0161ulach ze strony tencasnych nimskich zastojnstwow.<\/p>\n\n<p>Kulturnoteoretiski se Muka zar\u011bdujo se sw\u00f3jim gl\u011bdanim na serbsku kulturu do konserwatiwno-skeptiskego tona ludow\u011bdneho mainstreama sw\u00f3jogo casa. Serbske \u017eywjenje zda se jomu jano we w\u00f3tzamknjonych wejsa\u0144skoburskich sw\u011btach m\u00f3\u017ene, k\u00f3tare\u017e su w\u00f3t industrializacije, p\u015bidrogowanja a zawodoweje mobilizacije do dalokeje m\u011bry izol\u011browane a w\u00f3stanu w du\u0161epasty\u0155skem wopl\u011bwanju cerkwje. P\u015be\u015biwnej sw\u011bta k tomu stej jomu fabrika a wjelike m\u011bsto. W sw\u00f3jej definiciji serbskeje identity p\u015bez serbskor\u011bcne zam\u00f3\u017enos\u0107i akcept\u011brujo pak zasadnje teke zwenkastojecego do togo idealiz\u011browanego ako wobgrozony wopisanego wejsa\u0144skoserbskego sw\u011bta.<\/p>\n\n<p><p>Nimski p\u015be\u0142o\u017ek namakajo\u015bo <a href=\"https:\/\/www1.sorabicon.de\/statistik-der-sorben\/statistiken\/\">how<\/a>.<\/p><\/p>\n\n<p><\/p>\n\n<p>P\u015bew\u00f3dne teksty<\/p>\n\n<p><p><a href=\"https:\/\/www1.sorabicon.de\/statistik-der-sorben\/zur-konzeption-von-arnost-mukas-statistika-luziskich-serbow\/\"> Zur Konzeption von Arno\u0161t Mukas \u201eStatistika \u0142u\u017eiskich Serbow\u201c <\/a><\/p><\/p>\n\n<p><p><a href=\"https:\/\/www1.sorabicon.de\/statistik-der-sorben\/sorbisches-volk-und-sorbische-kultur-in-arnost-mukas-statistika-luziskich-serbow\/\">Sorbisches Volk und Sorbische Kultur in Arno\u0161t Mukas \u201eStatistika \u0142u\u017eiskich Serbow\u201c<\/a><\/p><\/p>\n\n<p><p><a href=\"https:\/\/www1.sorabicon.de\/statistik-der-sorben\/zur-rezeption-und-wirkungsgeschichte-der-statistika-luziskich-serbow-von-arnost-muka\/\">Zur Rezeption und Wirkungsgeschichte der \u201eStatistika \u0142u\u017eiskich Serbow\u201c<\/a><\/p><\/p>\n","protected":false},"excerpt":{"rendered":"<p>Wob\u017a\u011b\u0142a\u0142 Robert Lorenz Statistika \u0142u\u017eyskich Serbow (Budy\u0161yn\/Bautzen, 1886) Arno\u0161ta Muki jo jaden z nejwuznamnjej\u0161ych a nejstatkownjej\u0161ych tekstow serbskeje w\u011bdomnostneje publicistiki 19. stol\u011b\u015ba. Tw\u00f3\u0155ba z pjera jadnogo z centralnych akterow m\u0142odoserbskego gibanja w\u00f3znamjenijo zachopje\u0144k serbskor\u011bcneje sociologije, stoj pak w tradiciji star\u0161eje ludneje a krajneje statistiki. Rownocasnje m\u00f3\u017eomy ju wobgl\u011bdowa\u015b ako sorabistiski ludow\u011bdny klasika\u0155 w nasl\u011bdnistwje Heinricha &hellip;<\/p>\n","protected":false},"author":1,"featured_media":0,"parent":0,"menu_order":20,"comment_status":"closed","ping_status":"closed","template":"","meta":{"_acf_changed":false,"footnotes":""},"class_list":["post-5896","page","type-page","status-publish","hentry"],"acf":[],"_links":{"self":[{"href":"https:\/\/www1.sorabicon.de\/dsb\/wp-json\/wp\/v2\/pages\/5896","targetHints":{"allow":["GET"]}}],"collection":[{"href":"https:\/\/www1.sorabicon.de\/dsb\/wp-json\/wp\/v2\/pages"}],"about":[{"href":"https:\/\/www1.sorabicon.de\/dsb\/wp-json\/wp\/v2\/types\/page"}],"author":[{"embeddable":true,"href":"https:\/\/www1.sorabicon.de\/dsb\/wp-json\/wp\/v2\/users\/1"}],"replies":[{"embeddable":true,"href":"https:\/\/www1.sorabicon.de\/dsb\/wp-json\/wp\/v2\/comments?post=5896"}],"version-history":[{"count":5,"href":"https:\/\/www1.sorabicon.de\/dsb\/wp-json\/wp\/v2\/pages\/5896\/revisions"}],"predecessor-version":[{"id":11325,"href":"https:\/\/www1.sorabicon.de\/dsb\/wp-json\/wp\/v2\/pages\/5896\/revisions\/11325"}],"wp:attachment":[{"href":"https:\/\/www1.sorabicon.de\/dsb\/wp-json\/wp\/v2\/media?parent=5896"}],"curies":[{"name":"wp","href":"https:\/\/api.w.org\/{rel}","templated":true}]}}