{"id":3198,"date":"2019-06-04T14:55:03","date_gmt":"2019-06-04T12:55:03","guid":{"rendered":"http:\/\/sorabicon.dev.webstitut.de\/?page_id=3198"},"modified":"2020-06-17T11:04:11","modified_gmt":"2020-06-17T09:04:11","slug":"die-sorbischen-briefe-des-johannes-jacobaei-1745","status":"publish","type":"page","link":"https:\/\/www1.sorabicon.de\/hsb\/sorbische-kirche-luebben\/die-sorbischen-briefe-des-johannes-jacobaei-1745\/","title":{"rendered":"Die sorbischen Briefe des Johannes Jacobaei 1745"},"content":{"rendered":"\n<p>In dem aus den Best\u00e4nden des L\u00fcbbener Rats stammenden Aktenkonvolut \u201eActa, das sogenandte wendische Diaconat alhir betr. 1745\u201c haben sich zwei einzigartige sorbische Briefe aus dem Jahr 1745 erhalten. Es handelt sich um die fr\u00fchesten bekannten sorbischen Briefe, wobei die hier edierten Schreiben fast 40 Jahre \u00e4lter sind als die bisher bekannten von Jakub \u017dur an Franc Jurij Lok aus dem Jahr 1782.<sup class=\"modern-footnotes-footnote \" data-mfn=\"1\" data-mfn-post-scope=\"0000000000003ccf0000000000000000_3198\"><a href=\"javascript:void(0)\"  role=\"button\" aria-pressed=\"false\" aria-describedby=\"mfn-content-0000000000003ccf0000000000000000_3198-1\">1<\/a><\/sup><span id=\"mfn-content-0000000000003ccf0000000000000000_3198-1\" role=\"tooltip\" class=\"modern-footnotes-footnote__note\" tabindex=\"0\" data-mfn=\"1\"><a href=\"https:\/\/www1.sorabicon.de\/wp-admin\/post.php?post=3202&amp;action=edit&amp;lang=de\">Vgl. hierzu Schuster-\u0160ewc, Sprachdenkm\u00e4ler, S. 280.<\/a><\/span> 1745 bewarb sich der in Modra (heute Slowakei) geborene Theologe Johannes Jacobaei um das sorbische Diakonat in L\u00fcbben.<sup class=\"modern-footnotes-footnote \" data-mfn=\"2\" data-mfn-post-scope=\"0000000000003ccf0000000000000000_3198\"><a href=\"javascript:void(0)\"  role=\"button\" aria-pressed=\"false\" aria-describedby=\"mfn-content-0000000000003ccf0000000000000000_3198-2\">2<\/a><\/sup><span id=\"mfn-content-0000000000003ccf0000000000000000_3198-2\" role=\"tooltip\" class=\"modern-footnotes-footnote__note\" tabindex=\"0\" data-mfn=\"2\">Zur Vita Jacobaeis vgl. <a href=\"https:\/\/www1.sorabicon.de\/wp-admin\/post.php?post=3202&amp;action=edit&amp;lang=de\">Otto, Lexikon Bd. 2 S. 209<\/a>.<\/span> Offenbar suchte er, nachdem er 1744 sein Studium in Wittenberg beendet hatte, nach einer geeigneten Pfarrstelle. Die beiden auf den 6. November 1745 datierten Schreiben dienten dabei nicht eigentlich der Bewerbung, da ihnen bereits ein Briefwechsel zwischen Jacobaei und dem L\u00fcbbener Rat vorangegangen war und Jacobaei Anfang November zur Gastpredigt eingeladen worden war.<sup class=\"modern-footnotes-footnote \" data-mfn=\"3\" data-mfn-post-scope=\"0000000000003ccf0000000000000000_3198\"><a href=\"javascript:void(0)\"  role=\"button\" aria-pressed=\"false\" aria-describedby=\"mfn-content-0000000000003ccf0000000000000000_3198-3\">3<\/a><\/sup><span id=\"mfn-content-0000000000003ccf0000000000000000_3198-3\" role=\"tooltip\" class=\"modern-footnotes-footnote__note\" tabindex=\"0\" data-mfn=\"3\">Vgl. <a rel=\"noreferrer noopener\" aria-label=\"Nr. 36 (\u00f6ffnet in neuem Tab)\" href=\"https:\/\/www1.sorabicon.de\/sorbische-kirche-luebben\/edition\/?ThemenID=prov_xw2_f2x_fdb\" target=\"_blank\">Nr. 36<\/a>, Kreisarchiv Landkreis Dahme-Spreewald, A-4 L\u00fcbben, Nr. 5872 unpag. zu 1745 November 1.<\/span> Der vonseiten der Stadt mit der Kommunikation mit Jacobaei beauftragte Syndicus Johann Willibald Brescius forderte Jacobaei am 1. November 1745 auf, nachzuweisen, dass er \u201eder wendischen sprache nach dem alhiesigen dialecto\u201c kundig war.<sup class=\"modern-footnotes-footnote \" data-mfn=\"4\" data-mfn-post-scope=\"0000000000003ccf0000000000000000_3198\"><a href=\"javascript:void(0)\"  role=\"button\" aria-pressed=\"false\" aria-describedby=\"mfn-content-0000000000003ccf0000000000000000_3198-4\">4<\/a><\/sup><span id=\"mfn-content-0000000000003ccf0000000000000000_3198-4\" role=\"tooltip\" class=\"modern-footnotes-footnote__note\" tabindex=\"0\" data-mfn=\"4\"><a href=\"https:\/\/www1.sorabicon.de\/wp-admin\/post.php?post=3202&amp;action=edit&amp;lang=de\">Kreisarchiv Landkreis Dahme-Spreewald, A-4 L\u00fcbben, Nr. 5872 unpag. zu 1745 November 1.<\/a><\/span> Auf Brescius Aufforderung hin \u00fcbersandte Jacobaei \u201ealso [\u2026] hiemit denenselben die von mir verlangte wendische antwort\u201c sowie \u201eeine abschrifft von meinem, den s\u00e4mtlichen hochw\u00fcrdigen rathscollegio zu L\u00fcbben noch den 23. October zur communication abgeschickten wendischen briefe\u201c (<a rel=\"noreferrer noopener\" aria-label=\"Nr. 36 (\u00f6ffnet in neuem Tab)\" href=\"https:\/\/www1.sorabicon.de\/sorbische-kirche-luebben\/edition\/?ThemenID=prov_xw2_f2x_fdb\" target=\"_blank\">Nr. 36<\/a>). Es ist unwahrscheinlich, dass Brescius tats\u00e4chlich sorbische Schreiben gefordert hatte, war doch das Sorbische im Schriftwesen der Verwaltung g\u00e4nzlich un\u00fcblich. Auch lohnte sich die M\u00fche Jacobaeis nicht, der L\u00fcbbener Rat teilte ihm am 19. November mit, dass \u201evon kennern solcher sprache der inhalt derselben vor kein hiesiger orten vest\u00e4ndlich wendisch aufgenommen werden will und da\u00df sogar zweene(?) bauern aus hiesigem kirchspiel, welche vorgeben, be\u00ff den hern gewesen zu se\u00ffn und mith ihn gesprochen zu haben, hier \u00f6ffentlich ausbreiten, da\u00df sie de\u00dfen wendische sprache und mundart nicht im wenigsten verstanden h\u00e4tten\u201c (<a rel=\"noreferrer noopener\" aria-label=\"Nr. 39 (\u00f6ffnet in neuem Tab)\" href=\"https:\/\/www1.sorabicon.de\/sorbische-kirche-luebben\/edition\/?ThemenID=prov_ulr_rxx_fdb\" target=\"_blank\">Nr. 39<\/a>). Zwar wurde Jacobaei noch zur Gastpredigt eingeladen, allerdings stimmten nur zwei Ratsherren f\u00fcr ihn, sodass Pfarrer Johann Christian Hempel aus Sa\u00dfleben den Zuschlag erhielt.<sup class=\"modern-footnotes-footnote \" data-mfn=\"5\" data-mfn-post-scope=\"0000000000003ccf0000000000000000_3198\"><a href=\"javascript:void(0)\"  role=\"button\" aria-pressed=\"false\" aria-describedby=\"mfn-content-0000000000003ccf0000000000000000_3198-5\">5<\/a><\/sup><span id=\"mfn-content-0000000000003ccf0000000000000000_3198-5\" role=\"tooltip\" class=\"modern-footnotes-footnote__note\" tabindex=\"0\" data-mfn=\"5\"><a href=\"https:\/\/www1.sorabicon.de\/wp-admin\/post.php?post=3202&amp;action=edit&amp;lang=de\">Ebd. zu 1746 Januar 12.<\/a><\/span> <\/p>\n","protected":false},"excerpt":{"rendered":"<p>In dem aus den Best\u00e4nden des L\u00fcbbener Rats stammenden Aktenkonvolut \u201eActa, das sogenandte wendische Diaconat alhir betr. 1745\u201c haben sich zwei einzigartige sorbische Briefe aus dem Jahr 1745 erhalten. Es handelt sich um die fr\u00fchesten bekannten sorbischen Briefe, wobei die hier edierten Schreiben fast 40 Jahre \u00e4lter sind als die bisher bekannten von Jakub \u017dur &hellip;<\/p>\n","protected":false},"author":2,"featured_media":0,"parent":3154,"menu_order":0,"comment_status":"closed","ping_status":"closed","template":"","meta":{"_acf_changed":false,"footnotes":""},"class_list":["post-3198","page","type-page","status-publish","hentry"],"acf":[],"_links":{"self":[{"href":"https:\/\/www1.sorabicon.de\/hsb\/wp-json\/wp\/v2\/pages\/3198","targetHints":{"allow":["GET"]}}],"collection":[{"href":"https:\/\/www1.sorabicon.de\/hsb\/wp-json\/wp\/v2\/pages"}],"about":[{"href":"https:\/\/www1.sorabicon.de\/hsb\/wp-json\/wp\/v2\/types\/page"}],"author":[{"embeddable":true,"href":"https:\/\/www1.sorabicon.de\/hsb\/wp-json\/wp\/v2\/users\/2"}],"replies":[{"embeddable":true,"href":"https:\/\/www1.sorabicon.de\/hsb\/wp-json\/wp\/v2\/comments?post=3198"}],"version-history":[{"count":6,"href":"https:\/\/www1.sorabicon.de\/hsb\/wp-json\/wp\/v2\/pages\/3198\/revisions"}],"predecessor-version":[{"id":6896,"href":"https:\/\/www1.sorabicon.de\/hsb\/wp-json\/wp\/v2\/pages\/3198\/revisions\/6896"}],"up":[{"embeddable":true,"href":"https:\/\/www1.sorabicon.de\/hsb\/wp-json\/wp\/v2\/pages\/3154"}],"wp:attachment":[{"href":"https:\/\/www1.sorabicon.de\/hsb\/wp-json\/wp\/v2\/media?parent=3198"}],"curies":[{"name":"wp","href":"https:\/\/api.w.org\/{rel}","templated":true}]}}