{"id":3879,"date":"2019-06-12T10:30:45","date_gmt":"2019-06-12T08:30:45","guid":{"rendered":"http:\/\/sorabicon.dev.webstitut.de\/?page_id=3879"},"modified":"2019-12-10T22:37:54","modified_gmt":"2019-12-10T21:37:54","slug":"personenregister","status":"publish","type":"page","link":"https:\/\/www1.sorabicon.de\/hsb\/statistik-der-sorben\/register\/personenregister\/","title":{"rendered":"Personenregister"},"content":{"rendered":"<ul style=\"columns: 3 12em;\"><li><a href=\"https:\/\/www1.sorabicon.de\/wissensquellen\/suche-ergebnisse\/?facet_module=statistik&#038;facet_persname=QW5kcmVlLCBSaWNoYXJkIA==\">Andree, Richard  [11]<\/a><\/li><li><a href=\"https:\/\/www1.sorabicon.de\/wissensquellen\/suche-ergebnisse\/?facet_module=statistik&#038;facet_persname=QmFydC3EhmnFoWluc2tpLCBKYWt1YiAoMTg1Ni0xOTA5KQ==\">Bart-\u0106i\u0161inski, Jakub (1856-1909) [1]<\/a><\/li><li><a href=\"https:\/\/www1.sorabicon.de\/wissensquellen\/suche-ergebnisse\/?facet_module=statistik&#038;facet_persname=Qm9lY2toLCBSaWNoYXJkICgxODI0LTE5MDcp\">Boeckh, Richard (1824-1907) [2]<\/a><\/li><li><a href=\"https:\/\/www1.sorabicon.de\/wissensquellen\/suche-ergebnisse\/?facet_module=statistik&#038;facet_persname=QnJvbmnFoSA=\">Broni\u0161  [3]<\/a><\/li><li><a href=\"https:\/\/www1.sorabicon.de\/wissensquellen\/suche-ergebnisse\/?facet_module=statistik&#038;facet_persname=QnJvbmnFoSwgS2l0byBXeWxlbSAoMTc4OC0xODgxKQ==\">Broni\u0161, Kito Wylem (1788-1881) [3]<\/a><\/li><li><a href=\"https:\/\/www1.sorabicon.de\/wissensquellen\/suche-ergebnisse\/?facet_module=statistik&#038;facet_persname=QnVkYXIsIEphbiBNaWNoYcWCICgxNzEzLTE3ODkp\">Budar, Jan Micha\u0142 (1713-1789) [1]<\/a><\/li><li><a href=\"https:\/\/www1.sorabicon.de\/wissensquellen\/suche-ergebnisse\/?facet_module=statistik&#038;facet_persname=Q2FybG93aXR6LCBHZW9yZyB2b24g\">Carlowitz, Georg von  [1]<\/a><\/li><li><a href=\"https:\/\/www1.sorabicon.de\/wissensquellen\/suche-ergebnisse\/?facet_module=statistik&#038;facet_persname=RmFicmljaXVzLCBKb2hhbm4gR290dGxpZWIgKDE2ODEtMTc0MSk=\">Fabricius, Johann Gottlieb (1681-1741) [1]<\/a><\/li><li><a href=\"https:\/\/www1.sorabicon.de\/wissensquellen\/suche-ergebnisse\/?facet_module=statistik&#038;facet_persname=RnJlbmNlbCwgTWljaGHFgiA=\">Frencel, Micha\u0142  [2]<\/a><\/li><li><a href=\"https:\/\/www1.sorabicon.de\/wissensquellen\/suche-ergebnisse\/?facet_module=statistik&#038;facet_persname=RnJpZWRyaWNoIGRlciBHcm\/Dn2UgKDE3MTItMTc4Nik=\">Friedrich der Gro\u00dfe (1712-1786) [1]<\/a><\/li><li><a href=\"https:\/\/www1.sorabicon.de\/wissensquellen\/suche-ergebnisse\/?facet_module=statistik&#038;facet_persname=RnJpZWRyaWNoIFdpbGhlbG0gSS4gKDE2ODgtMTc0MCk=\">Friedrich Wilhelm I. (1688-1740) [1]<\/a><\/li><li><a href=\"https:\/\/www1.sorabicon.de\/wissensquellen\/suche-ergebnisse\/?facet_module=statistik&#038;facet_persname=SGF1cHRtYW5uLCBKb2hhbm4gR290dGxpZWIgKDE3MDMtMTc2OCk=\">Hauptmann, Johann Gottlieb (1703-1768) [2]<\/a><\/li><li><a href=\"https:\/\/www1.sorabicon.de\/wissensquellen\/suche-ergebnisse\/?facet_module=statistik&#038;facet_persname=Q2hvam5hbiwgSmFuICgxNjE2LTE2NjQp\">Chojnan, Jan (1616-1664) [1]<\/a><\/li><li><a href=\"https:\/\/www1.sorabicon.de\/wissensquellen\/suche-ergebnisse\/?facet_module=statistik&#038;facet_persname=SW1pxaEsIEphcm9txJtyIEhlbmRyaWNoICgxODE5LTE4OTcp\">Imi\u0161, Jarom\u011br Hendrich (1819-1897) [8]<\/a><\/li><li><a href=\"https:\/\/www1.sorabicon.de\/wissensquellen\/suche-ergebnisse\/?facet_module=statistik&#038;facet_persname=SmFudXMsIEpha3ViICgxNTMwLTE1ODMp\">Janus, Jakub (1530-1583) [1]<\/a><\/li><li><a href=\"https:\/\/www1.sorabicon.de\/wissensquellen\/suche-ergebnisse\/?facet_module=statistik&#038;facet_persname=SmVuxI0sIEphbiBBd2d1c3QgKDE4MzYtMTkxOCk=\">Jen\u010d, Jan Awgust (1836-1918) [1]<\/a><\/li><li><a href=\"https:\/\/www1.sorabicon.de\/wissensquellen\/suche-ergebnisse\/?facet_module=statistik&#038;facet_persname=S2Fpc2VyIE1heGltaWxpYW4gSUkuICgxNTI3LTE1NzYp\">Kaiser Maximilian II. (1527-1576) [1]<\/a><\/li><li><a href=\"https:\/\/www1.sorabicon.de\/wissensquellen\/suche-ergebnisse\/?facet_module=statistik&#038;facet_persname=S2lsaWFuLCBKYW4gKDE4MTEtMTg4NCk=\">Kilian, Jan (1811-1884) [3]<\/a><\/li><li><a href=\"https:\/\/www1.sorabicon.de\/wissensquellen\/suche-ergebnisse\/?facet_module=statistik&#038;facet_persname=S8Ozc2FrLCBNYXRvIA==\">K\u00f3sak, Mato  [2]<\/a><\/li><li><a href=\"https:\/\/www1.sorabicon.de\/wissensquellen\/suche-ergebnisse\/?facet_module=statistik&#038;facet_persname=TGFuZ2UsIE1hdHRow6R1cyA=\">Lange, Matth\u00e4us  [1]<\/a><\/li><li><a href=\"https:\/\/www1.sorabicon.de\/wissensquellen\/suche-ergebnisse\/?facet_module=statistik&#038;facet_persname=TcWCw7NuaywgUMSbdHIgKDE4MDUtMTg4Nyk=\">M\u0142\u00f3nk, P\u011btr (1805-1887) [1]<\/a><\/li><li><a href=\"https:\/\/www1.sorabicon.de\/wissensquellen\/suche-ergebnisse\/?facet_module=statistik&#038;facet_persname=TXXEjWluaywgSmFuIEJvaHV3xJtyICgxODIxLTE5MDQp\">Mu\u010dink, Jan Bohuw\u011br (1821-1904) [1]<\/a><\/li><li><a href=\"https:\/\/www1.sorabicon.de\/wissensquellen\/suche-ergebnisse\/?facet_module=statistik&#038;facet_persname=TXVrYSwgRXJuc3QgKDE4NTQtMTkzMik=\">Muka, Ernst (1854-1932) [2]<\/a><\/li><li><a href=\"https:\/\/www1.sorabicon.de\/wissensquellen\/suche-ergebnisse\/?facet_module=statistik&#038;facet_persname=TmFwb2xlb24gSS4g\">Napoleon I.  [1]<\/a><\/li><li><a href=\"https:\/\/www1.sorabicon.de\/wissensquellen\/suche-ergebnisse\/?facet_module=statistik&#038;facet_persname=UGFyY3pld3NraSwgQWxmb25zIA==\">Parczewski, Alfons  [1]<\/a><\/li><li><a href=\"https:\/\/www1.sorabicon.de\/wissensquellen\/suche-ergebnisse\/?facet_module=statistik&#038;facet_persname=UMO8Y2tsZXItTXVza2F1LCBIZXJtYW5uIEx1ZHdpZyBIZWlucmljaCB2b24gKDE3ODUtMTg3MSk=\">P\u00fcckler-Muskau, Hermann Ludwig Heinrich von (1785-1871) [1]<\/a><\/li><li><a href=\"https:\/\/www1.sorabicon.de\/wissensquellen\/suche-ergebnisse\/?facet_module=statistik&#038;facet_persname=U21vbGXFlSwgSmFuIEFybm\/FoXQg\">Smole\u0155, Jan Arno\u0161t  [14]<\/a><\/li><li><a href=\"https:\/\/www1.sorabicon.de\/wissensquellen\/suche-ergebnisse\/?facet_module=statistik&#038;facet_persname=U3RlbXBlbCwgS2l0byBGcnljbyAoMTc4Ny0xODY3KQ==\">Stempel, Kito Fryco (1787-1867) [1]<\/a><\/li><li><a href=\"https:\/\/www1.sorabicon.de\/wissensquellen\/suche-ergebnisse\/?facet_module=statistik&#038;facet_persname=U3dvcmEsIEphbiBLYXJsbyBGcnljbyAoMTgxOC0xODg0KQ==\">Swora, Jan Karlo Fryco (1818-1884) [1]<\/a><\/li><li><a href=\"https:\/\/www1.sorabicon.de\/wissensquellen\/suche-ergebnisse\/?facet_module=statistik&#038;facet_persname=xaB3amVsYSwgS2l0byAoMTgzNi0xOTIyKQ==\">\u0160wjela, Kito (1836-1922) [1]<\/a><\/li><li><a href=\"https:\/\/www1.sorabicon.de\/wissensquellen\/suche-ergebnisse\/?facet_module=statistik&#038;facet_persname=VGXFoW5hxZUg\">Te\u0161na\u0155  [2]<\/a><\/li><li><a href=\"https:\/\/www1.sorabicon.de\/wissensquellen\/suche-ergebnisse\/?facet_module=statistik&#038;facet_persname=V2plbGFuLCBKdWxpdXMgRWR1YXJkICgxODE3LTE4OTIp\">Wjelan, Julius Eduard (1817-1892) [1]<\/a><\/li><li><a href=\"https:\/\/www1.sorabicon.de\/wissensquellen\/suche-ergebnisse\/?facet_module=statistik&#038;facet_persname=WmVqbGVyLCBIYW5kcmlqICgxODA0LTE4NzIp\">Zejler, Handrij (1804-1872) [2]<\/a><\/li><\/ul>","protected":false},"excerpt":{"rendered":"","protected":false},"author":2,"featured_media":0,"parent":3859,"menu_order":0,"comment_status":"closed","ping_status":"closed","template":"","meta":{"_acf_changed":false,"footnotes":""},"class_list":["post-3879","page","type-page","status-publish","hentry"],"acf":[],"_links":{"self":[{"href":"https:\/\/www1.sorabicon.de\/hsb\/wp-json\/wp\/v2\/pages\/3879","targetHints":{"allow":["GET"]}}],"collection":[{"href":"https:\/\/www1.sorabicon.de\/hsb\/wp-json\/wp\/v2\/pages"}],"about":[{"href":"https:\/\/www1.sorabicon.de\/hsb\/wp-json\/wp\/v2\/types\/page"}],"author":[{"embeddable":true,"href":"https:\/\/www1.sorabicon.de\/hsb\/wp-json\/wp\/v2\/users\/2"}],"replies":[{"embeddable":true,"href":"https:\/\/www1.sorabicon.de\/hsb\/wp-json\/wp\/v2\/comments?post=3879"}],"version-history":[{"count":2,"href":"https:\/\/www1.sorabicon.de\/hsb\/wp-json\/wp\/v2\/pages\/3879\/revisions"}],"predecessor-version":[{"id":3881,"href":"https:\/\/www1.sorabicon.de\/hsb\/wp-json\/wp\/v2\/pages\/3879\/revisions\/3881"}],"up":[{"embeddable":true,"href":"https:\/\/www1.sorabicon.de\/hsb\/wp-json\/wp\/v2\/pages\/3859"}],"wp:attachment":[{"href":"https:\/\/www1.sorabicon.de\/hsb\/wp-json\/wp\/v2\/media?parent=3879"}],"curies":[{"name":"wp","href":"https:\/\/api.w.org\/{rel}","templated":true}]}}